{"id":82,"date":"2024-02-23T10:09:22","date_gmt":"2024-02-23T10:09:22","guid":{"rendered":"https:\/\/tkarpisek.hak-digital.at\/wp2\/?page_id=82"},"modified":"2024-02-28T06:59:36","modified_gmt":"2024-02-28T06:59:36","slug":"meine-huendin-cora","status":"publish","type":"page","link":"https:\/\/tkarpisek.hak-digital.at\/wp2\/?page_id=82","title":{"rendered":"Meine H\u00fcndin Cora"},"content":{"rendered":"\n<p>Meine H\u00fcndin haben wir, meine Mama und ich, 2017 von einem Hundeshelter abgeholt. Ihre Mutter und 7 von ihren Geschwistern wurden nur Wochen davor in Ungarn ausgesetzt. Ich kann immer noch nicht glauben dass sie bald 7 Jahre alt ist. Sie hat das Leben meiner Eltern und mir sehr gepr\u00e4gt, sei es mit den simplen t\u00e4glichen Gassi G\u00e4ngen, bis zu ganzen Urlauben die wir so gestaltet haben, sodass dieser Hundefreundlich ist. Zum Gl\u00fcck hat sie bis jetzt keine Mukeln- oder andere Beschwerden. Falls etwas passiert halt ich euch auf dem Laufenden!<\/p>\n","protected":false},"excerpt":{"rendered":"<p>Meine H\u00fcndin haben wir, meine Mama und ich, 2017 von einem Hundeshelter abgeholt. Ihre Mutter und 7 von ihren Geschwistern wurden nur Wochen davor in Ungarn ausgesetzt. Ich kann immer noch nicht glauben dass sie bald 7 Jahre alt ist. Sie hat das Leben meiner Eltern und mir sehr gepr\u00e4gt, sei es mit den simplen [&hellip;]<\/p>\n","protected":false},"author":1,"featured_media":0,"parent":0,"menu_order":0,"comment_status":"closed","ping_status":"closed","template":"","meta":{"ngg_post_thumbnail":0,"footnotes":""},"aioseo_notices":[],"_links":{"self":[{"href":"https:\/\/tkarpisek.hak-digital.at\/wp2\/index.php?rest_route=\/wp\/v2\/pages\/82"}],"collection":[{"href":"https:\/\/tkarpisek.hak-digital.at\/wp2\/index.php?rest_route=\/wp\/v2\/pages"}],"about":[{"href":"https:\/\/tkarpisek.hak-digital.at\/wp2\/index.php?rest_route=\/wp\/v2\/types\/page"}],"author":[{"embeddable":true,"href":"https:\/\/tkarpisek.hak-digital.at\/wp2\/index.php?rest_route=\/wp\/v2\/users\/1"}],"replies":[{"embeddable":true,"href":"https:\/\/tkarpisek.hak-digital.at\/wp2\/index.php?rest_route=%2Fwp%2Fv2%2Fcomments&post=82"}],"version-history":[{"count":2,"href":"https:\/\/tkarpisek.hak-digital.at\/wp2\/index.php?rest_route=\/wp\/v2\/pages\/82\/revisions"}],"predecessor-version":[{"id":101,"href":"https:\/\/tkarpisek.hak-digital.at\/wp2\/index.php?rest_route=\/wp\/v2\/pages\/82\/revisions\/101"}],"wp:attachment":[{"href":"https:\/\/tkarpisek.hak-digital.at\/wp2\/index.php?rest_route=%2Fwp%2Fv2%2Fmedia&parent=82"}],"curies":[{"name":"wp","href":"https:\/\/api.w.org\/{rel}","templated":true}]}}